 = -x. List the prime factors of y.
2, 5
Suppose -585 = -5*b - v, 119 + 97 = 2*b + 4*v. List the prime factors of b.
2, 59
Let b = -20 + 26. What are the prime factors of b?
2, 3
Suppose -4*v + n = -n + 12, -5*n = -3*v + 5. Let o be (-12)/30*(0 + v). Suppose 0*c + o*c - 4 = 0. What are the prime factors of c?
2
Let k(q) = -q**2 - 3*q. Let l be k(-3). Suppose -2*o + 16 = -l*o. Let h = o + -1. What are the prime factors of h?
7
Let h = -3 - -7. Suppose -h*g = -30 - 2. What are the prime factors of g?
2
Suppose -3 = 5*y - 4*z, -y + 0*z + 12 = -5*z. Let b be (4 + y)*4/(-1). Let t = 7 + b. What are the prime factors of t?
3
Suppose -6*m = 127 - 547. What are the prime factors of m?
2, 5, 7
Let t = 13 + 1. What are the prime factors of t?
2, 7
List the prime factors of 38/(((-36)/63)/((-6)/7)).
3, 19
What are the prime factors of 1 + (-3 - (1 + -66))?
3, 7
Suppose -6 = 3*a - 0*a, -n = -a - 403. List the prime factors of n.
401
Let f(r) = r**2 + r. Let w be f(-5). Let j be (-2)/10 - (-244)/w. Suppose -3*m = -j - 21. List the prime factors of m.
11
Suppose -4*k - 439 = -3*n, -293 = -2*n - 0*n + 3*k. List the prime factors of n.
5, 29
Suppose -3*x + 4*x = 4. Let n(v) = -v**2 + 15*v + 19. Let l be n(16). Suppose -g - 6 = g + x*z, l*g - 11 = -z. What are the prime factors of g?
5
Let v be (9/(-3))/((-2)/10). Let m = 45 - v. Let j = -21 + m. List the prime factors of j.
3
Let p(y) = -y**2 + 6*y + 5. Let f be p(7). Let o be 1*(-3 + 2)*f. Suppose 5*j = b + 3*b + 65, o*j - b - 23 = 0. What are the prime factors of j?
3
Suppose -6*l + 5*t = -3*l - 28, -3*l - 2*t = 7. What are the prime factors of (l + -3 - -4) + 3?
5
Let o(i) = 2*i**2 - 2*i - 1. Let g be o(2). Let y be 4 + 3/(g/2). Suppose -2*p = -y - 8. What are the prime factors of p?
7
Let g(s) = -5*s - 19. List the prime factors of g(-6).
11
Let s be 16/10*60/(-8). Let f = s - -30. List the prime factors of f.
2, 3
Suppose -m = 3*m - 76. Let z = m - -8. What are the prime factors of z?
3
Let b(r) be the third derivative of r**5/30 + r**4/4 - r**2. Let a be b(-5). Suppose 2*k - k = i + 12, 0 = -4*i - a. List the prime factors of k.
7
Suppose 0 = 5*l - 46 - 284. List the prime factors of l.
2, 3, 11
Let a = -36 - -56. Suppose 0*t - a = 4*t. What are the prime factors of ((-1 - 1) + -1)*t?
3, 5
Suppose 2*u - 413 = -3*z, 4*u + 703 = 5*z - 0*u. What are the prime factors of z?
139
Let g(u) = u**2 - 2*u - 5 + 8 - 1. List the prime factors of g(4).
2, 5
Let x(b) = -b**3 + 3*b**2 + 5*b - 1. Let o be x(4). Suppose o*r = -l + 6, 3*l + r - 7 = l. List the prime factors of l.
3
Let o(l) = 9*l**2 + 2*l - 2. Let t be o(4). Suppose t = 3*q - q. Suppose 0 = -8*a + 3*a + q. List the prime factors of a.
3, 5
Let y(b) = -2*b - 3. Let a be y(-4). Suppose 0 = a*g - 25. Let l = g + 5. List the prime factors of l.
2, 5
Let u = -65 + 95. Suppose -5*g + u = -120. What are the prime factors of g?
2, 3, 5
Suppose -380 = -3*y + 5*x, -515 = -4*y - 0*y + 5*x. List the prime factors of y.
3, 5
Let v = -122 - -273. What are the prime factors of v?
151
Let x = 41 - 81. Let l = x + 64. List the prime factors of l.
2, 3
Suppose 4*f + 0*h = 4*h + 80, -h = -5*f + 104. Suppose f = z + 2*z. Let i = 0 + z. List the prime factors of i.
7
What are the prime factors of (0 - 3 - -4) + 131?
2, 3, 11
Let s = -60 + 105. List the prime factors of s.
3, 5
Suppose 3*x - 2 = 4*x. Let l be (-1 - x)/(2/72). Suppose l = 2*d + 2*b, -22 = d - 2*d - 2*b. What are the prime factors of d?
2, 7
Let g(n) = -n**3 - 6*n**2 - 2*n - 8. Let f be g(-6). Suppose -f*u + 110 = u. List the prime factors of u.
2, 11
What are the prime factors of (-6)/3 - (-4 + -9)?
11
Let y(t) be the second derivative of -t**4/12 + t**3/2 + 3*t**2/2 + t. Let w be y(4). What are the prime factors of 0 - -2 - (0 + w)?
3
Let v = 88 - 29. List the prime factors of v.
59
Let n = 65 - 17. Suppose i + 2*i - n = 0. What are the prime factors of i?
2
Suppose 2 = -w - 2*t, 0*w + 2*w = -3*t - 2. Let k(d) = -d**3 + 3*d**2 + 1. List the prime factors of k(w).
5
Suppose 2*c = -3*c + 15. Suppose 5*n - c*n = 14. What are the prime factors of n?
7
Let g(t) = t**2 - 4. Let d be g(3). Let x(r) = -5*r**2 + r - 7. Let p(y) = -11*y**2 + 3*y - 14. Let w(f) = 6*p(f) - 13*x(f). List the prime factors of w(d).
7
Let i(y) = 7*y**2 - 6*y. Let j(w) = -w**3 + 15*w**2 - 13*w. Let b(m) = -13*i(m) + 6*j(m). List the prime factors of b(-1).
5
Suppose 3*t = -3*k - t + 92, 0 = 4*k - 3*t - 106. What are the prime factors of (-35)/k*(1 + -5)?
5
Suppose -2*b + b - 11 = -4*x, b = x - 5. Suppose 0 = 2*u + x*u - 32. What are the prime factors of u?
2
Suppose 3*p - 1 = 47. List the prime factors of p.
2
Let g = -35 + 54. What are the prime factors of g?
19
Suppose 3*r = -j + 3*j - 91, r = 2*j - 81. What are the prime factors of j?
2, 19
Let y(m) = -2*m**3 - m**2 - 6*m - 6. Let x be y(-6). Suppose -110 = 4*c - x. What are the prime factors of c/9 + 4/18?
3
Let f(g) = 12*g**2 + 4*g. What are the prime factors of f(4)?
2, 13
Suppose 0 = -4*o + 3*n + 238, -n - 38 - 196 = -4*o. What are the prime factors of o?
2, 29
Suppose 5*b = -80 + 395. Suppose -4*n + 4*y + 28 = 0, 0*n = -4*n + 5*y + 31. Suppose -2*a - n = -4*c - 16, 5*c - b = -4*a. What are the prime factors of a?
2, 3
Let q(d) = -6*d - 3. Let y(c) = -6*c - 3. Let h(r) = 6*q(r) - 5*y(r). Let n be h(-4). Let m = n + -10. List the prime factors of m.
11
Let x = 184 - 108. What are the prime factors of 5*(x/10 + -3)?
23
Suppose 4*a - 3*h = 24, -h - 2*h + 12 = 2*a. What are the prime factors of a?
2, 3
Let v(j) be the third derivative of j**5/60 + 5*j**4/24 + j**3 - 2*j**2. Let r be v(-4). Suppose -l + 2 + r = 0. List the prime factors of l.
2
Suppose 3*m - 5*a - 388 - 296 = 0, 0 = -m + 2*a + 228. What are the prime factors of m?
2, 3, 19
What are the prime factors of (-3 - (-4 + -31)) + 4?
2, 3
Suppose -3*n = -263 - 154. What are the prime factors of n?
139
Suppose -5*n - 4*l = 75, n + l + 60 = -3*n. Let i be 10/3 - 10/n. Suppose 4*v + 4*k - 22 = 2*k, -i*k + 23 = v. What are the prime factors of v?
3
Let y be (4 - -4)/((-4)/(-2)). Suppose m - 4 = -2*l + l, -y*l + 5*m = 2. What are the prime factors of (0 - (-1 - 13))/l?
7
Suppose 4*p - 733 = q, -p + 5*p - 729 = -3*q. Let i be p/9 + (-2)/6. Suppose -5*l + 3*l + i = -2*h, -3*l = -2*h - 29. What are the prime factors of l?
3
Suppose 4*r - 121 = 3*s, -r - 3*r = 5*s - 129. What are the prime factors of r?
31
Let y(s) = 5*s**2 - s. Let f be y(1). Suppose u - 45 = -f*i, u - 6*u = 4*i - 65. What are the prime factors of i?
2, 5
Suppose -t + 1 + 6 = 0. Let q = -4 + t. Suppose 4*s - q*g - 35 = 0, -4*g - g - 18 = -3*s. List the prime factors of s.
11
List the prime factors of (88/(-8))/(-1 - 0).
11
List the prime factors of 12/(-16) + 167/4.
41
Let d = 31 - 8. List the prime factors of d.
23
Suppose -b + 333 = -7*h + 3*h, -h = 3*b - 1064. List the prime factors of b.
353
Suppose -3*r = r - 2*t + 106, -3*r - 112 = 5*t. Let g = r + 46. What are the prime factors of g?
17
Suppose 0 = -2*d + d - 5*p + 56, 4*d + 2*p - 278 = 0. What are the prime factors of d?
71
Suppose 3*i - 4*v - 128 = 0, 0 = -0*v - 5*v - 25. List the prime factors of i.
2, 3
Let m = 66 + -49. Let j be -2 + 1*-2*-2. Suppose -j*t = -4*t + a + m, -3*a = 3. What are the prime factors of t?
2
Suppose 0 = 2*p - 0 - 8. Suppose -21 = -3*w + 3*u, 0*w + 3*u = -p*w + 49. List the prime factors of w.
2, 5
Let r(t) = -t**3 - t + 37. List the prime factors of r(0).
37
Let z = -6 + 4. List the prime factors of (-66)/(-4) - z/(-4).
2
What are the prime factors of 1064/10 + 84/140?
107
Let x be -1 + 5 + -1 + 0. Let b be x/2 + 2/4. Suppose 5*y = -4*j + 30, 0 = y - 0*y + b. What are the prime factors of j?
2, 5
Suppose -3*t = -7*b + 3*b - 131, 3*t - 126 = 3*b. List the prime factors of t.
37
Let w be 4/(-3) - (-2)/(-3). List the prime factors of (17 - 1) + 0/w.
2
Suppose 26 = 2*i - 40. What are the prime factors of i?
3, 11
Let d be ((-6)/(-9))/(2/(-18)). Let c be d/(-9)*9/2. Suppose 0*i = i - c. List the prime factors of i.
3
Suppose -3*o = -2*q + 98, 0*q - q - o = -39. Let m = -25 + q. Suppose 4*g = m + 10. List the prime factors of g.
7
Let u = -61 + 129. What are the prime factors of u?
2, 17
Suppose 5*b - 15 + 30 = 0. List the prime factors of 6/2 - (b + -20).
2, 13
Suppose -33 = 3*r - 93. Li